 = d**3 - 4*d**2 - 6*d + 10. Let t = -9 + 19. Let n be w(t). Suppose -3*k - n = -5*k. Calculate the greatest common factor of k and 25.
25
Let q(k) = -4 - k - 2*k + 2*k + 86*k**2. Let z be q(-2). Let i = z + -214. What is the greatest common factor of 16 and i?
16
Let i be 8/(-12) - 6/(-9). Suppose 5*f = 5*n - i*n + 70, 2*n = 5*f - 85. Let v = f - 9. What is the greatest common divisor of v and 70?
10
Let v = 198 + 47. What is the greatest common factor of v and 98?
49
Let s(n) = -15*n**3 - n**2 - 9*n - 26. Let i be s(-2). Calculate the highest common divisor of i and 36.
36
Let c = -19 + 29. What is the highest common factor of 140 and c?
10
Let h be -4 - 294/(-5) - (-9)/45. Calculate the greatest common factor of 605 and h.
55
Let m be 1*-38*3/(-2). Let l = 101 - m. Let p be (-6)/33 - (-1328)/l. What is the highest common divisor of p and 75?
15
Let t(h) = 65*h - 205. Let k be t(11). Calculate the greatest common divisor of 204 and k.
102
Let g be (-4)/(-8)*-20*(-18)/10. Calculate the highest common divisor of 486 and g.
18
Let d = -1106 + 1447. What is the highest common factor of 11 and d?
11
Suppose 0 = 21*m - 16*m. Suppose m = -6*w + 3*w + 165. Suppose -110 = -7*s + 2*s. Calculate the greatest common divisor of s and w.
11
Suppose w + 3 = 2*w. Suppose -w*x - 48 - 9 = -3*h, 73 = 4*h - 5*x. Calculate the greatest common divisor of h and 11.
11
Let c = 9 + -7. Let g(o) = 2*o**c + 16 + 3*o - 11 - 8. Let v be g(-4). What is the highest common divisor of v and 34?
17
Suppose -3*d + 9 + 3 = 0. Suppose -6*u = d - 28. What is the highest common factor of 44 and u?
4
Let h be (64/40)/(7/(175/2)). Let l(t) = 2*t - 6. Let u be l(5). What is the greatest common divisor of u and h?
4
Let b be (-24)/(-28)*14/3. Suppose 0 = -3*c + 4*d + 128, -d + 93 = 2*c + 4*d. Calculate the highest common divisor of b and c.
4
Let y(b) = 2*b**2 - 66*b + 79. Let h be y(32). What is the greatest common factor of 240 and h?
15
Suppose 5*j = 5*u - 4865, 5*j - j + 3*u + 3885 = 0. Let n be j/(-15) - (-3)/15. Calculate the greatest common divisor of n and 26.
13
Suppose -187 = -28*m + 118 + 395. Let x be 1*50/((-1)/(-1)). What is the highest common factor of m and x?
25
Let s(w) = 5*w - 42. Let t be s(12). Suppose 5*h + 3 = t. What is the highest common divisor of 6 and h?
3
Let o(q) = 23*q. Let m be o(2). Suppose 348 = -185*c + 189*c - 20. What is the highest common divisor of c and m?
46
Suppose -436 = -5*t - 2*b, -19*b - 243 = -3*t - 14*b. Calculate the greatest common factor of t and 2150.
86
Let l(y) be the second derivative of -y**4/12 - 11*y**3/6 + 9*y**2 - 3*y. Let o be l(-11). What is the greatest common divisor of o and 9?
9
Let w = -510 + 550. Let t be 28/(-8)*(-40)/14. Calculate the greatest common divisor of w and t.
10
Let z(m) = -7*m + 289. Let l be z(27). Suppose -100 = 2*y - 6*y. Calculate the highest common divisor of l and y.
25
Let d = 3 - -23. Calculate the highest common factor of 26 and d.
26
Let c = 36 - -2. Suppose -5*g + c = -12. Suppose 1417 = 14*o + 297. What is the highest common factor of o and g?
10
Let x be (0 - -2) + 216/4. Let m be 21/24 + 7/x. Let y be -3*((m - 17) + 2). Calculate the highest common divisor of 14 and y.
14
Let x = 502 - 472. Calculate the greatest common divisor of 615 and x.
15
Suppose 4*j + j = 135. Let g be (-1)/2*4*(-6)/(-4). Let q = g - -21. Calculate the highest common factor of q and j.
9
Let h = 80 - 4. Suppose -s - 2*w = 5 - 22, -w = -4*s + 77. Calculate the greatest common factor of h and s.
19
Let k(q) = 2*q + 1 + 2*q - 2*q + q**2 - 2*q**3 + 1. Let o be k(-2). Calculate the highest common divisor of 36 and o.
18
Suppose 2*y - 4*c = 128, c + 344 = 5*y - 3*c. What is the greatest common factor of y and 36?
36
Suppose s - 5*l - 62 = 0, s - 4*l = 98 - 40. What is the highest common divisor of s and 476?
14
Suppose -73*q = -93*q + 160. Let v = 77 - 53. What is the highest common factor of v and q?
8
Let s(r) = -11*r + 24*r + 15 - 14*r. Let x be s(-5). Calculate the highest common divisor of x and 320.
20
Let t = -116 + 171. Let s(d) = d**2 + 12*d - 17. Let h be s(-14). What is the greatest common divisor of t and h?
11
Let s = -431 + 455. Let y(r) = -r**3 + 7*r**2 - 3*r - 6. Let n be y(6). What is the greatest common divisor of n and s?
12
Suppose 4*b - 14*s + 9*s = 69, -3*b - 3*s = -72. What is the greatest common factor of b and 168?
21
Let z be 4*(8531/171 - 1/(-9)). What is the highest common factor of z and 60?
20
Suppose 2*h = h + 96. Suppose 5*n - 45 - 15 = 0. Calculate the greatest common divisor of n and h.
12
Suppose 0 = 8*r + 250 - 362. Suppose -5*x = 3*q - 457, -5*q - 5*x + 0*x = -765. What is the highest common factor of q and r?
14
Let b(k) be the second derivative of -k**5/20 - 11*k**4/12 - 5*k**3/2 - 10*k**2 + k - 19. Let r be b(-10). What is the highest common factor of r and 15?
15
Let f(v) = -v**2 + 13*v + 192. Let s be f(-8). What is the highest common divisor of s and 84?
12
Suppose s - 2*u - 44 = 0, 0 = s + s + 4*u - 72. Suppose 0 = 6*p - 4638 + 4590. What is the greatest common divisor of p and s?
8
Suppose 3*c + 23 = 4*h, -5*c + 2 = 2*h - 3. Let r be 1/c + (-235)/(-5). Calculate the greatest common divisor of r and 69.
23
Suppose 41*r + 10*r - 1326 = 0. What is the highest common divisor of r and 91?
13
Let n = 31 + -25. Suppose 2*p + 32 = n*p. Let k = 68 + -36. Calculate the highest common divisor of p and k.
8
Suppose -3*o = 4*i - 87, 138 = 5*o - o - 2*i. Suppose 780 = 52*c - 45*c - 837. What is the highest common factor of o and c?
33
Let i(f) = -19*f - 104. Let b be i(-6). What is the greatest common factor of b and 1760?
10
Suppose 1 + 3 = -4*i, -i = -w + 64. What is the highest common factor of w and 9?
9
Suppose 0 = 6*f + 3*f - 351. Calculate the highest common divisor of f and 13.
13
Let a(n) = 9*n**2 + 4*n - 6. Let r be a(-2). Calculate the highest common factor of 462 and r.
22
Suppose -5*s - 72 = -3*q, -48 = -2*q + 253*s - 254*s. What is the greatest common factor of q and 84?
12
Suppose -5*t + 37 = -8. Suppose -4*i = -5*i + d - 3, 0 = -4*i - 3*d + t. Suppose i = -5*m - 6 + 126. Calculate the greatest common factor of 216 and m.
24
Suppose -471*m + 461*m = -6650. Calculate the greatest common divisor of 76 and m.
19
Let f(n) = -4*n - 12. Let d(a) = -4*a - 13. Let u(m) = 5*d(m) - 6*f(m). Let j be u(0). What is the highest common factor of j and 56?
7
Let g(j) = -6*j**2 + 71*j + 44. Let a(w) = w**2 - 14*w - 9. Let t(u) = 11*a(u) + 2*g(u). Let z be t(-6). What is the highest common factor of z and 225?
25
Let v be -2 - (9/(-9))/(1/2). Let y be 5118/8 - 1/(-4). Suppose -2*i + 5*j + y = v, 4*j - 2 = 14. Calculate the greatest common factor of i and 30.
30
Suppose 0*c - 7*c = 28. Let j be (0 - -30)*c/(-6). Let s be 6*5/(j/154). What is the greatest common divisor of 21 and s?
21
Suppose -2*i - 19 = -33. Suppose -4*s + 9 = 33. Let k(c) = 2*c**2 + 5*c - 7. Let v be k(s). What is the greatest common factor of i and v?
7
Let d be (-2)/(-3) + 896/96. Calculate the highest common divisor of d and 22.
2
Let b = -37 + 40. Suppose -3*a = 2*l - 56, 0 = -b*l + 2*a + a + 84. What is the highest common divisor of l and 28?
28
Let j be (264/(-21) + (11/7 - 2))*-1. Let n = -19 - -58. Calculate the greatest common factor of j and n.
13
Let g be (-6*3/12)/(4/(-24)). Suppose n - 15 = g. Calculate the highest common divisor of n and 3.
3
Let s(w) = -3*w - 16. Let u(i) = -i**2 + 5*i - 1. Let b be u(5). Let o be -3 - ((2 - -8) + b). Let v be s(o). Calculate the greatest common divisor of v and 80.
20
Suppose 26*c - 581 = 7375. What is the highest common factor of c and 68?
34
Suppose -27065 = -34*k + 4487. Calculate the highest common divisor of k and 64.
32
Let d(t) = 8*t - 2. Let a be d(-4). Let y = a + 55. Calculate the highest common divisor of y and 14.
7
Suppose 5*j + 2*h = 18, -5*j + j + 2*h = 0. Suppose 2*t - j*x - 5 = -x, 25 = -5*x. Suppose -2*b - 78 + 222 = t. Calculate the greatest common factor of 8 and b.
8
Suppose 4*g = 5*r + r + 760, 0 = 3*g - r - 556. Calculate the highest common divisor of 8 and g.
8
Let u(j) = j**3 - j**2 - j + 10. Let b(k) = k**3 - 2*k**2 + 11. Let p(w) = 2*b(w) - 3*u(w). Let q be p(-4). Calculate the highest common factor of 14 and q.
14
Let p be (21483/(-18))/(-11) - 